ens digit of h?
6
Let a = 235 + 78. What is the tens digit of a?
1
Let d = 74 + -79. What is the units digit of 8*6 - (d + 3)?
0
Let k(s) = 3*s**2 + 2*s + 14. Let i be k(-11). Suppose 421 = 8*h - i. What is the units digit of h?
7
Suppose -3*g + 5*d = -43, 3*g - 3*d - 38 = -5. What is the units digit of g?
6
Suppose 2*y + 4*m = 1206, -5*y - 3*m = -5*m - 3003. What is the hundreds digit of y?
6
Let h be (78/(-7))/(-1) - 2/14. Suppose -h*s - 27 = -12*s. What is the units digit of s?
7
Suppose 0 = -41*k + 49*k - 1952. What is the hundreds digit of k?
2
Suppose 5*p - 20 = 2*m, 1 = -4*p - 3*m - 6. What is the units digit of 5 + (0 - (1 + p))?
2
Let x(c) = -c**2 - 8*c + 18. Let i be x(-8). What is the units digit of 4/i - (-575)/45?
3
Let p(j) = 19*j**2 + 21. What is the units digit of p(-5)?
6
Suppose 4*j + 5*h = 496, -3*h - 2*h = 0. Let v = 194 - j. What is the tens digit of v?
7
Let l = 109 - 36. Suppose l*v + 249 = 76*v. What is the units digit of v?
3
Suppose 5*a + n - 110 = 0, 0 = -5*a - 2*n - 54 + 164. What is the tens digit of a + -8 + -1*1?
1
Let w be ((-321)/(-9))/(35/15 + -2). Let q = 73 + w. What is the tens digit of q?
8
Suppose l + 947 = 5*z, 0*z + 3*z + l - 573 = 0. What is the units digit of z?
0
Let q(j) = 103*j + 731. What is the thousands digit of q(5)?
1
Suppose -7*s + 8*s = k + 2064, -k - 4125 = -2*s. What is the thousands digit of s?
2
Let z = 65 - 24. Let h = z - -59. What is the tens digit of h?
0
Let m = -32 + 35. Suppose m*d + 4*t - 203 = 0, -4*t - 174 + 450 = 4*d. What is the tens digit of d?
7
Suppose 4*p - 52 = 4*v, -2*v = -3*v - 2. Suppose 0*f = -2*o - 2*f - 8, 5*o + 2*f + p = 0. What is the tens digit of ((1 + -2)*11)/o?
1
Suppose -4*q + 21 = -j - 0*j, 0 = 5*j - 15. Suppose -10*v + 304 = -q*v. What is the units digit of v?
6
Let n be (1 - 15/2)/((-149)/(-1788)). Suppose -m - 2*m + 420 = 3*q, 2*q + 5*m = 286. Let r = n + q. What is the tens digit of r?
6
Let y = 26 + -37. Let h = 13 + y. Suppose -2*p + 43 = -h*r + 3*r, -p - 2*r + 29 = 0. What is the tens digit of p?
1
Let g(r) = -3*r - 12*r + 16 - r + 3*r. What is the tens digit of g(-6)?
9
Let j be (-1)/(1*(-1)/8). Suppose -11*u = -j*u - 369. What is the units digit of u?
3
Suppose 0 = -5*s - 4*s + 45. Suppose 2*d = -h + 5*d + 108, 4*d = -s*h + 578. What is the hundreds digit of h?
1
Let u = 5 - 7. Let j be 23 - (4/(-4) - u). Suppose -j*d + 14 = -20*d. What is the units digit of d?
7
Let k = 2339 + 761. What is the tens digit of k?
0
Suppose 15*w - 5863 = 5522. What is the hundreds digit of w?
7
What is the thousands digit of (-440)/(-385) - 120894/(-21)?
5
Suppose g = -w - g - 4, w + 4 = -3*g. Let z be (-519)/15 + w/10. Let r = z + 64. What is the tens digit of r?
2
Suppose 3*w = -0*w - 0*w. Suppose w = -7*h + 235 + 346. What is the units digit of h?
3
Let f be 4/(-30)*-3 - (-73)/5. Let i(a) = a**3 + 6*a**2 - a - 4. Let w be i(-6). Let z = f - w. What is the tens digit of z?
1
Suppose -3*u + 4*q - 13 = 0, -u - 4*q - 17 = q. Let t(a) = -6 - 2*a - 2*a + 2*a. What is the units digit of t(u)?
8
What is the hundreds digit of 4281/(-1 + 4) + 5 + 1?
4
Let y = 534 - 247. What is the units digit of y?
7
Let k(x) = -x**2 + 11*x - 2. Let t be k(10). Suppose t*g - 206 = 6*g. What is the hundreds digit of g?
1
Let w(r) be the second derivative of r**5/20 + 13*r**4/12 + 8*r**3/3 + 17*r**2/2 - 10*r. What is the units digit of w(-11)?
3
Let k(z) = z**2 - 13*z. Let q be k(13). Let x(l) = -2*l**3 + l**2 - 2*l + 28. What is the tens digit of x(q)?
2
Let k = 645 + -418. Let y = -33 + k. What is the hundreds digit of y?
1
Let t(r) = 52*r + 27. What is the units digit of t(4)?
5
Let n = 38 + 272. What is the hundreds digit of n?
3
Let d(l) be the second derivative of 34*l**3/3 - 2*l**2 + 6*l. What is the units digit of d(1)?
4
Suppose y + 100 = -4*a - 116, y + 216 = -a. What is the units digit of (0 - 1)/(6/y)?
6
Suppose -34*x + 27916 + 21078 = 0. What is the hundreds digit of x?
4
Let k be -2 - 22/(2 - 4). Suppose -k*l = -8*l + 2. What is the tens digit of 18 + l/(6/(-9))?
2
Let f(z) = z - 8. Let v be f(-10). What is the tens digit of (-5004)/(-81) + (-4)/v?
6
Suppose 0 = x + 27 + 1. Let d = 13 - x. What is the tens digit of d?
4
Let l(n) = n**3 - 8*n**2 + 9*n + 2. Let o be l(7). Suppose o*b - 15*b - 43 = 0. What is the units digit of b?
3
Suppose 0 = 2*r - 3*r - 2*h + 2, 6 = 3*r - 3*h. Suppose 5*x - 25 = 0, 3*f - r*x - 39 = x. What is the tens digit of f?
1
Let a be -2*((-620)/8)/(-5). Let p = 36 + a. Suppose -p*h + 0*h + 145 = 0. What is the tens digit of h?
2
Let c(t) = -t**2 + 5*t**2 - 8*t - 5*t**2 - 1. Let l be c(-4). Let h = -8 + l. What is the units digit of h?
7
Let w be 2 - (-4 + 6 - 599). Suppose -5*l = -4*q - w, 6*l - 5*q - 600 = l. What is the units digit of l?
9
Let j be 28*(180/(-16) + 4). Let b = -143 - j. What is the tens digit of b?
6
Let t(f) = -26*f - 5. What is the tens digit of t(-38)?
8
Let o(t) = 5*t**3 - 5*t**2 + 7*t - 1. Let s be o(3). Let b = 74 + s. What is the hundreds digit of b?
1
Suppose 0 = 5*r - 9*r. Suppose r*a + 88 = 8*a. What is the units digit of a?
1
Suppose -34*k = -36*k + 12. Suppose 263 = k*w - 439. What is the units digit of w?
7
Let n = 229 - 159. Suppose 0 = 2*l - n - 38. What is the units digit of l?
4
Suppose 3*u = -2*a + 1571, -5*a + 0*a + 1556 = 3*u. What is the tens digit of u?
2
Suppose -5*m = -4*y + 100, 4*y + 10*m - 136 = 6*m. What is the units digit of (4 - (-612)/y)*10?
4
Let i(n) = 13*n**2 + 10*n + 40. Let j be i(-4). Let t = -15 + j. What is the hundreds digit of t?
1
What is the tens digit of (-60904)/69*(-9)/(-24)*-2?
6
Let w be -1 + 3 + 3 + -4. What is the tens digit of 129/4 - w/4?
3
Let f = 5866 - 4145. What is the units digit of f?
1
Suppose -x + 5355 = 643. What is the tens digit of x?
1
What is the units digit of ((880/(-24))/(-11))/((-1)/(-60))?
0
Let p be ((31 - 3) + 3)/1. Suppose 0 = s - 3*h - 25, -2*s - h - p = -81. What is the tens digit of s?
2
Let w be (-2890)/45 - (-6)/27. Let n = -16 - w. Let v = n + -7. What is the units digit of v?
1
Suppose -4*z + 3*z = -9. Suppose -7*m = -4*m - 153. Let r = m - z. What is the units digit of r?
2
Let x = 15 - 1. Suppose 9*j = x*j - 325. What is the units digit of j?
5
Suppose 5*o - 39 = -m + 9, 3*o + 3 = 0. Let l = m + -27. What is the units digit of l?
6
Let w(p) = 9*p**2 - 12 + p**3 + 3*p**2 + 1 + 7 + 10*p. Let f be w(-11). Suppose -3*u - 2*m + 12 = 0, 5*m + 45 = f*u - 2*u. What is the units digit of u?
6
Let l = -132 + 12. What is the tens digit of (12/4)/((-9)/l)?
4
Let l(m) = 77*m + 55. What is the tens digit of l(6)?
1
Suppose -5*b = 3*z - 8, 0*b - 2 = -2*b. Suppose 0 = o - z - 8. What is the units digit of o?
9
Let u(p) = -18*p + 2 - 16 + 15*p**2 + 2*p**3 - 8 - p**3. Let h be u(-16). Let n = h + 7. What is the units digit of n?
7
Let j(x) = x**3 - x + 45. What is the units digit of j(0)?
5
Let j = -8 + 3. What is the units digit of 3 - ((j - -5) + -61)?
4
Suppose -o - 504 = -5*o - 5*d, -5*d = o - 141. What is the hundreds digit of o?
1
Let r be 4/(12/3)*3. Suppose 0 = r*p - 5 - 1. Suppose -p + 5 = -3*x, x - 15 = -j. What is the tens digit of j?
1
Let o(v) be the second derivative of v**4/2 + 5*v**3/6 + 2*v**2 - 3*v. What is the units digit of o(3)?
3
Let f(r) = r**2 + 0*r**2 + 1107 + r**3 - 1109 + 2*r - 5*r**2. Let c be 0 + 2/(-1)*-2. What is the units digit of f(c)?
6
Let y be (87/12)/((-4)/(-32)). What is the units digit of y + 0 + -6 + 3?
5
Let s(z) = 949*z + 156. What is the units digit of s(4)?
2
Suppose 2*u = -u - 9. Let s be (-3 + 2)*(u - 6). Suppose -5*o - s = -74. What is the units digit of o?
3
Let r(x) = x**3 - 14*x**2 + 12*x + 14. Let p be r(13). Let y be (1 + 0 + p)*4. Let b = y - 1. What is the units digit of b?
7
Let z(w) = w**2 + w + 5. Let b be z(0). Suppose 4*t - 3*g = 2*g + 59, b*t + 5*g - 40 = 0. What is the units digit of t?
1
Let m(k) = -k**3 + k**2 + k + 290. Let r be m(0). Suppose -4*j + r = 26. What is the units digit of j?
6
Suppose 2*i - 4*t = -3*i + 2640, 0 = -2*i - 5*t + 1056. What is the hundreds digit of i?
5
Let j be (6 - -6)*(-14)/4. Let f = j - -76. What is the tens digit of f?
3
Suppose -1209 = -3*g + 138. What is the tens digit of g?
4
Let w(k) = -k**2 - 11*k + 1. Let h be w(-8). Let s = 153 - h. What is the tens digit of s?
2
Suppos